. List the prime factors of ((-14)/(-2))/(m/(-6)).
2, 3, 7
Suppose 59*r = -40*r + 170874. What are the prime factors of r?
2, 863
Let t = -93 - -219. Suppose 12 = 2*i - 3*w, -18*i + 3*w + 15 = -15*i. Suppose -3*x + t = i*x. What are the prime factors of x?
3, 7
Suppose 5*j = 4*x - 3063, -x + 753 = -j + 4*j. What are the prime factors of x?
2, 3, 127
Let d(s) = -7*s - 10. Let k be d(-5). Let v be 12/(-6) + (k - 1). Suppose -56 = -5*i + 2*f, 4*f = -0*i + i - v. List the prime factors of i.
2, 5
Suppose 57*m - 47*m = 36090. List the prime factors of m.
3, 401
Suppose 7*x - 8866 = 4847. List the prime factors of x.
3, 653
Let i(a) = 4*a**2 - 13*a + 3. Let u be i(8). Suppose u = 2*h - 11. List the prime factors of h.
83
Suppose 5*f - 3*c = 2*c + 5260, -5290 = -5*f - c. List the prime factors of f.
7, 151
Let s(i) = 12 - 7*i + 8*i**2 + 4 - 14 - 3*i**2. List the prime factors of s(8).
2, 7, 19
Let c = -19 - -15. Let v(p) = 9*p**2 - p - 4. Let x be v(c). Suppose 5*u - x = -3*t, -u + 5*u + t - 111 = 0. What are the prime factors of u?
3
Let p(w) be the second derivative of w**5/20 - 23*w**4/12 + 4*w**3 + 10*w**2 - 11*w. List the prime factors of p(22).
2
Let h = 288 - -702. What are the prime factors of h?
2, 3, 5, 11
Let y(w) = -49*w + 10. Let p(n) = 33*n - 7. Let h(i) = -8*p(i) - 5*y(i). What are the prime factors of h(-5)?
101
Let r = 11 - 9. Let j(c) = 2*c**3 - c**2 + 2. Let u be j(r). What are the prime factors of (-21)/u*(-4)/3?
2
Let l = -61 - -40. Let o = 28 + l. Suppose -o*r + 10*r = 213. What are the prime factors of r?
71
Let b(m) = -m**2 + 17*m - 14. Let s be b(16). Suppose -s*x + 4*x = 228. List the prime factors of x.
2, 3, 19
Let s(c) = c**2 - 12*c - 3. Let m be s(15). Let q = 83 - m. List the prime factors of q.
41
Let f(o) = o**3 - 8*o**2 + 6*o + 2. Let a(j) = j**3 - 6*j**2 + 4*j + 12. Let g be a(5). Let w be f(g). Let m = -2 - w. What are the prime factors of m?
3
What are the prime factors of (-165)/55*(142/(-6) + 1)?
2, 17
Let r = 50 + -12. Suppose 3*x + 6*c = c - r, -c = -3*x - 14. Let z = 4 - x. What are the prime factors of z?
2, 5
Suppose 632 = 3*o + 30*z - 31*z, -4*z + 202 = o. List the prime factors of o.
2, 3, 5, 7
Let g = -22 - -27. Suppose -6*d + 271 = -d - 2*x, -g*d = -4*x - 277. Suppose d - 135 = -2*c. List the prime factors of c.
41
Let y = 894 + -521. What are the prime factors of y?
373
Let i = 6688 - 4649. What are the prime factors of i?
2039
Suppose -59*c + 165 = -48*c. Let z(j) = 19*j + 6. Let i be z(6). Suppose -w + 2*l - i = -3*w, 0 = 5*l + c. List the prime factors of w.
3, 7
Suppose 0 = -14*f + 3*f + 55. Suppose -6*z = -2*z - 8, f*q + z - 317 = 0. What are the prime factors of q?
3, 7
Let y(o) = -4*o - 85. Let z(v) = 2*v + 42. Let b(m) = -3*y(m) - 5*z(m). List the prime factors of b(5).
5, 11
Suppose 0 = 4*l - 8, 0*c + 2*c + 5*l + 18 = 0. Let j = 2 - 0. List the prime factors of ((-12)/7)/(j/c).
2, 3
Suppose -3*s = 5*k - 3018, 0 = 4*s - k - 6004 + 2003. List the prime factors of s.
7, 11, 13
List the prime factors of -15*((-119)/3 - 6/(-9)).
3, 5, 13
Suppose -2*o + 3*o - 36 = -4*k, 5*k + 205 = 5*o. Suppose -o + 146 = 2*w. What are the prime factors of w?
53
Let a(j) = 19*j**3 - 3*j**2 - 2*j. Let g be a(-2). Let c = g - -229. What are the prime factors of c?
3, 23
Let i(c) = -22*c + 26. List the prime factors of i(-19).
2, 3, 37
What are the prime factors of ((-1)/((-5)/948))/(57/1330)?
2, 7, 79
Let j = -48 - -104. Suppose -4*o + j = -32. List the prime factors of o.
2, 11
Suppose 88 = -0*w - w. Let o(x) = -x**3 - 9*x**2 - 2*x - 12. Let y be o(-9). What are the prime factors of 4/y + w/(-3)?
2, 3, 5
Let n(o) = o**3 - 10*o**2 - 11*o + 3. Let j be n(11). Let c(l) = j*l - l + 3*l + 1 - 4*l. What are the prime factors of c(6)?
7
What are the prime factors of (-21)/(-3) + (-6276)/(-4 + -2)?
3, 13
Suppose 2*p + 5 = -5*k, -4*k - 22 = -5*p + 3*p. What are the prime factors of p?
5
Let u(q) = -308*q + 286. List the prime factors of u(-8).
2, 5, 11
Let m(r) = -357*r - 100. List the prime factors of m(-4).
2, 83
Suppose 3*a = -8*b + 3*b + 7822, -5*b = -2*a - 7827. List the prime factors of b.
5, 313
Suppose -3*j + 1839 - 192 = 0. What are the prime factors of j?
3, 61
Suppose -35*n = -39*n - 12, -y + 4*n + 1771 = 0. List the prime factors of y.
1759
Let g = -5 - -9. Suppose 5*z = -3*n + 11, g*z = -z + 5*n + 35. What are the prime factors of z?
2
Let o(m) = -55*m + 1626. What are the prime factors of o(0)?
2, 3, 271
Suppose 4*i = 3*s - 26, i + 5*s + 7 = -11. Let z(t) = -6 + 0*t**2 + 4*t + t**2 + 1. What are the prime factors of z(i)?
3
Suppose 9*n + 5*n = 14560. List the prime factors of n.
2, 5, 13
Suppose 4*f - 2*x - 15132 = 0, 434 = f - 3*x - 3354. List the prime factors of f.
2, 31, 61
Let m(a) = -71*a - 141. What are the prime factors of m(-6)?
3, 5, 19
Let y = 10 - 4. List the prime factors of (-115)/1*2*(-3)/y.
5, 23
Suppose -4*c - 12 = -5*x, -3 = 3*x + 3*c - 2*c. Let w(o) be the third derivative of o**5/60 + 29*o**3/6 - 76*o**2. List the prime factors of w(x).
29
Let v be (48/(-15))/((-4)/10). Let w = v - 5. Suppose 5*h + 26 = -4*o + 100, 5*h - 58 = -w*o. What are the prime factors of o?
2
Let s(k) = -k. Let x(l) = l**2 + 11*l - 3. Let g(r) = -2*r**2 - 12*r + 3. Let w(n) = 2*g(n) + 3*x(n). Let f(a) = -4*s(a) + w(a). List the prime factors of f(5).
37
Suppose -4*w + 390 = -3*u, 4*w = -4*u + 52 + 324. Let n be (2/4)/(4/w). Let q = 12 + n. List the prime factors of q.
2, 3
What are the prime factors of (((-238)/(-21))/17)/(4/2622)?
19, 23
Let r = -96 - -101. Suppose r*d - 119 = 261. List the prime factors of d.
2, 19
Let j = 52 + -50. Suppose -f = -4*f + 156. Suppose 4*l + j*p - f - 42 = 0, -2 = -2*p. What are the prime factors of l?
23
Let f(s) = 162*s + 6. Let b be f(-4). What are the prime factors of (-16)/32 - b/4?
2, 5
Let f = -24 + 26. Let j = f - -78. List the prime factors of j.
2, 5
Let s = -12 - -124. Suppose -s = -2*v - 4*y, 0 = -2*v - 2*v + 4*y + 224. What are the prime factors of v?
2, 7
Suppose -2*r - 4195 = -5*r + 4*w, 4*r = -w + 5568. List the prime factors of r.
7, 199
Let j(x) = 25*x**2 - 1. Let c(t) = -t + 1. Let f(b) = -b. Let y(i) = c(i) - 2*f(i). Let k be y(0). What are the prime factors of j(k)?
2, 3
Suppose -49 = s - 50, 4*d + s - 3925 = 0. What are the prime factors of d?
3, 109
Let v(y) = 152*y**2 + 32*y - 85. What are the prime factors of v(3)?
7, 197
What are the prime factors of (3/4)/((-15)/(-20))*1969?
11, 179
Suppose -70504 = -102*d + 36086. What are the prime factors of d?
5, 11, 19
Suppose -y + 5*y = 2544. List the prime factors of y.
2, 3, 53
Let k(m) = m**3 - 2*m**2 - 5*m + 1. Let x be k(4). Suppose x*f = 12*f - 1. Let q(o) = -35*o**3 - o**2 - o - 1. List the prime factors of q(f).
2, 17
Suppose -3*c + 2 + 13 = 0. Let q(u) = u - 3. Let h be q(c). What are the prime factors of 22 + h + (5 - 5)?
2, 3
Suppose s - 4*c = 341, -1762 = -7*s + 2*s + c. Let b = s - 169. List the prime factors of b.
2, 23
Let y(r) = 5*r**2 - 35*r - 29. What are the prime factors of y(16)?
691
Let j = -505 - -721. Suppose 0 = -3*z - z + j. List the prime factors of z/4 + 2/4.
2, 7
Let q(b) = -38*b**3 + 4*b**2 + 10*b + 12. What are the prime factors of q(-4)?
2, 617
Let i(j) = 149*j - 23. What are the prime factors of i(1)?
2, 3, 7
Let u = 5255 + -2760. What are the prime factors of u?
5, 499
Let m = 5181 + -2288. List the prime factors of m.
11, 263
Let s = 2475 - 1453. What are the prime factors of s?
2, 7, 73
Suppose 0 = k + 26 - 47. Suppose -10 - 10 = -5*y. Let b = k - y. What are the prime factors of b?
17
Let u = 87 + -49. Suppose 160 = u*h - 37*h. What are the prime factors of h?
2, 5
Suppose -3*x + 2*j = 7*j + 43, -4*j = -3*x + 2. Let c be 4/x + 4/(-12). List the prime factors of c/(-2) - 111/(-2).
2, 7
Suppose 3 = v - 0*v. Let t = -1850 - -1851. What are the prime factors of (-34)/(-6)*v - t?
2
Suppose 0 = 4*h + 181 - 2189. List the prime factors of h.
2, 251
Let p(x) = -2*x**2 + 5*x - 2. Let j be p(3). Let a(v) = v**2 + 9. Let d be a(j). List the prime factors of d*(-3 - (-8)/2).
2, 17
Let i be 2/18*-3*(-61 + 1). Let u = 5 + i. List the prime factors of u.
5
Suppose -2*a = 3*a - 60. Let k = 133 + -129. Suppose -a = -k*g + 2*g. What are the prime factors of g?
2, 3
Let o(j) = -14*j**2 + 820. What a